 millions digit of 34464955?
3
What is the millions digit of 4051811?
4
What is the hundred thousands digit of 25610381?
6
What is the tens digit of 61659?
5
What is the tens digit of 2448882?
8
What is the ten thousands digit of 143102?
4
What is the ten thousands digit of 8474535?
7
What is the units digit of 73006?
6
What is the hundreds digit of 508768?
7
What is the thousands digit of 3745706?
5
What is the hundred thousands digit of 14568719?
5
What is the thousands digit of 297456?
7
What is the millions digit of 1781653?
1
What is the hundred thousands digit of 101816?
1
What is the tens digit of 170682?
8
What is the thousands digit of 801432?
1
What is the thousands digit of 3719709?
9
What is the tens digit of 1017961?
6
What is the millions digit of 2881793?
2
What is the hundreds digit of 57473?
4
What is the hundreds digit of 298196?
1
What is the tens digit of 4997844?
4
What is the ten thousands digit of 1437548?
3
What is the millions digit of 1616856?
1
What is the hundred thousands digit of 318055?
3
What is the units digit of 615507?
7
What is the units digit of 61826?
6
What is the units digit of 324282?
2
What is the hundreds digit of 6185659?
6
What is the units digit of 27292885?
5
What is the units digit of 235028?
8
What is the thousands digit of 241640?
1
What is the thousands digit of 760611?
0
What is the tens digit of 2304198?
9
What is the tens digit of 9739275?
7
What is the hundred thousands digit of 24696808?
6
What is the hundred thousands digit of 596093?
5
What is the units digit of 1099228?
8
What is the units digit of 883816?
6
What is the ten thousands digit of 3900209?
0
What is the ten thousands digit of 308153?
0
What is the tens digit of 2352330?
3
What is the hundreds digit of 53829?
8
What is the units digit of 58109?
9
What is the hundreds digit of 7924884?
8
What is the thousands digit of 330666?
0
What is the ten thousands digit of 1357942?
5
What is the millions digit of 9811999?
9
What is the tens digit of 2770972?
7
What is the thousands digit of 11554496?
4
What is the tens digit of 2874199?
9
What is the units digit of 69787?
7
What is the thousands digit of 3226940?
6
What is the tens digit of 1284342?
4
What is the thousands digit of 244407?
4
What is the hundred thousands digit of 127618?
1
What is the thousands digit of 104607?
4
What is the hundred thousands digit of 353860?
3
What is the hundred thousands digit of 7233088?
2
What is the hundreds digit of 125484?
4
What is the millions digit of 27586952?
7
What is the tens digit of 925503?
0
What is the hundreds digit of 1678567?
5
What is the hundred thousands digit of 4580871?
5
What is the hundred thousands digit of 3411008?
4
What is the thousands digit of 183034?
3
What is the tens digit of 14037905?
0
What is the units digit of 4965?
5
What is the units digit of 33418?
8
What is the thousands digit of 2580913?
0
What is the ten thousands digit of 10677439?
7
What is the ten millions digit of 13969666?
1
What is the ten thousands digit of 690092?
9
What is the hundreds digit of 1097368?
3
What is the millions digit of 1051347?
1
What is the hundreds digit of 58297?
2
What is the tens digit of 380310?
1
What is the hundreds digit of 162136?
1
What is the thousands digit of 1416183?
6
What is the thousands digit of 5959971?
9
What is the tens digit of 6006083?
8
What is the ten millions digit of 10411402?
1
What is the hundred thousands digit of 4535260?
5
What is the thousands digit of 19434033?
4
What is the ten thousands digit of 19239?
1
What is the hundreds digit of 522434?
4
What is the ten thousands digit of 862716?
6
What is the hundreds digit of 6448876?
8
What is the ten thousands digit of 4757956?
5
What is the hundreds digit of 431405?
4
What is the units digit of 6757791?
1
What is the ten thousands digit of 976299?
7
What is the ten millions digit of 28495306?
2
What is the thousands digit of 2026513?
6
What is the units digit of 10275571?
1
What is the units digit of 15268684?
4
What is the ten thousands digit of 1176591?
7
What is the hundreds digit of 294394?
3
What is the ten thousands digit of 1959125?
5
What is the hundreds digit of 358542?
5
What is the ten thousands digit of 236541?
3
What is the hundreds digit of 123570?
5
What is the ten thousands digit of 517298?
1
What is the thousands digit of 2711153?
1
What is the hundred thousands digit of 213931?
2
What is the millions digit of 7923441?
7
What is the millions digit of 1044149?
1
What is the units digit of 221355?
5
What is the thousands digit of 1316771?
6
What is the thousands digit of 79365?
9
What is the tens digit of 257102?
0
What is the ten thousands digit of 48764?
4
What is the thousands digit of 598310?
8
What is the millions digit of 3970779?
3
What is the ten thousands digit of 452197?
5
What is the ten thousands digit of 3468532?
6
What is the hundred thousands digit of 300118?
3
What is the hundred thousands digit of 512815?
5
What is the units digit of 4754361?
1
What is the ten thousands digit of 2947719?
4
What is the thousands digit of 21880394?
0
What is the hundreds digit of 5487?
4
What is the tens digit of 1920604?
0
What is the units digit of 981073?
3
What is the tens digit of 947707?
0
What is the tens digit of 60751?
5
What is the hundred thousands digit of 2170128?
1
What is the tens digit of 1131042?
4
What is the hundreds digit of 297306?
3
What is the hundred thousands digit of 291893?
2
What is the hundred thousands digit of 5858496?
8
What is the ten thousands digit of 14028985?
2
What is the units digit of 113158?
8
What is the thousands digit of 625091?
5
What is the hundreds digit of 349366?
3
What is the millions digit of 1446448?
1
What is the hundred thousands digit of 8187515?
1
What is the hundreds digit of 497350?
3
What is the hundreds digit of 272726?
7
What is the units digit of 22301801?
1
What is the thousands digit of 1950202?
0
What is the tens digit of 76214?
1
What is the units digit of 787017?
7
What is the hundreds digit of 149862?
8
What is the hundred thousands digit of 1252238?
2
What is the ten thousands digit of 75466?
7
What is the units digit of 8342611?
1
What is the millions digit of 23141297?
3
What is the hundred thousands digit of 9945053?
9
What is the tens digit of 213410?
1
What is the thousands digit of 466456?
6
What is the millions digit of 6167238?
6
What is the hundred thousands digit of 4778399?
7
What is the hundreds digit of 5187407?
4
What is the ten thousands digit of 177189?
7
What is the hundreds digit of 895956?
9
What is the hundred thousands digit of 24289216?
2
What is the tens digit of 1054887?
8
What is the hundreds digit of 17383709?
7
What is the thousands digit of 560745?
0
What is the tens digit of 27492?
9
What is the millions digit of 1065307?
1
What is the hundreds digit of 1852682?
6
What is the hundreds digit of 9349781?
7
What is the tens digit of 3716017?
1
What is the hundred thousands digit of 761557?
7
What is the units digit of 621809?
9
What is the tens digit of 98478?
7
What is the tens digit of 375004?
0
What is the ten thousands digit of 710592?
1
What is the units digit of 1818756?
6
What is the hundred thousands digit of 169099?
1
What is the hundred thousands digit of 905378?
9
What is the units digit of 2823303?
3
What is the ten thousands digit of 2358551?
5
What is the tens digit of 180930?
3
What is the hundred thousands digit of 863367?
8
What is the tens digit of 24564?
6
What is the millions digit of 1849675?
1
What is the hundred thousands digit of 1588155?
5
What is the units digit of 8336190?
0
What is the ten thousands digit of 899651?
9
What is the hundred thousands digit of 9680030?
6
What is the thousands digit of 847770?
7
What is the tens digit of 6286558?
5
What is the hundred thousands digit of 2978099?
9
What is the thousands digit of 4510058?
0
What is the thousands digit of 922527?
2
What is the hundred thousands digit of 2951473?
9
What is the units digit of 309902?
2
What is the millions digit of 4990835?
4
What is the hundreds digit of 972777?
7
What is the hundred thousands digit of 563719?
5
What is the ten thousands digit of 7543423?
4
What is the ten thousands digit of 1007635?
0
What is the ten thousands digit of 3